{"id":208,"date":"2022-02-22T16:50:10","date_gmt":"2022-02-22T16:50:10","guid":{"rendered":"https:\/\/next.artworkroomgallery.com\/?page_id=208"},"modified":"2022-04-03T12:32:41","modified_gmt":"2022-04-03T12:32:41","slug":"new-walls-in-berlin","status":"publish","type":"page","link":"https:\/\/artworkroomgallery.com\/?page_id=208","title":{"rendered":"New Walls in Berlin"},"content":{"rendered":"\n<p class=\"has-white-color has-text-color\" style=\"font-size:25px\">Andy Leborne<\/p>\n\n\n\n<p class=\"has-white-color has-text-color\" style=\"font-size:25px\">08.06. &#8211; 24.06.2018<\/p>\n\n\n\n<div class=\"wp-block-image\"><figure class=\"aligncenter size-large is-resized\"><img loading=\"lazy\" src=\"https:\/\/artworkroomgallery.com\/wp-content\/uploads\/2022\/02\/IMG_20180608_201237-1024x716.png\" alt=\"\" class=\"wp-image-209\" width=\"768\" height=\"537\"\/><\/figure><\/div>\n\n\n\n<p class=\"has-white-color has-text-color\">Andy Leborne stellt Fragen \u00fcber die Einsamkeit und den surrealistischen Charakter, der vielen Menschen und Dingen innewohnt. Deswegen ist seine k\u00fcnstlerische Ausrichtung gekennzeichnet von sich erg\u00e4nzenden und gleichzeitig gegens\u00e4tzlichen Konzepten. Kern seines Schaffens ist die Frage: Ist unsere Umwelt wirklich so real wie wir sie meistens wahrnehmen? Und k\u00f6nnen wir wenigstens durch den Versuch, unseren Gesichtspunkt umzukehren, dieser Realit\u00e4t hin und wieder entkommen?<\/p>\n","protected":false},"excerpt":{"rendered":"<p>Andy Leborne 08.06. &#8211; 24.06.2018 Andy Leborne stellt Fragen \u00fcber die Einsamkeit und den surrealistischen Charakter, der vielen Menschen und Dingen innewohnt. Deswegen ist seine k\u00fcnstlerische Ausrichtung gekennzeichnet von sich<\/p>\n<p class=\"more-link\"><a href=\"https:\/\/artworkroomgallery.com\/?page_id=208\" class=\"readmore\">Continue reading<span class=\"screen-reader-text\">New Walls in Berlin<\/span><\/a><\/p>\n","protected":false},"author":1,"featured_media":0,"parent":0,"menu_order":0,"comment_status":"closed","ping_status":"closed","template":"","meta":[],"_links":{"self":[{"href":"https:\/\/artworkroomgallery.com\/index.php?rest_route=\/wp\/v2\/pages\/208"}],"collection":[{"href":"https:\/\/artworkroomgallery.com\/index.php?rest_route=\/wp\/v2\/pages"}],"about":[{"href":"https:\/\/artworkroomgallery.com\/index.php?rest_route=\/wp\/v2\/types\/page"}],"author":[{"embeddable":true,"href":"https:\/\/artworkroomgallery.com\/index.php?rest_route=\/wp\/v2\/users\/1"}],"replies":[{"embeddable":true,"href":"https:\/\/artworkroomgallery.com\/index.php?rest_route=%2Fwp%2Fv2%2Fcomments&post=208"}],"version-history":[{"count":3,"href":"https:\/\/artworkroomgallery.com\/index.php?rest_route=\/wp\/v2\/pages\/208\/revisions"}],"predecessor-version":[{"id":414,"href":"https:\/\/artworkroomgallery.com\/index.php?rest_route=\/wp\/v2\/pages\/208\/revisions\/414"}],"wp:attachment":[{"href":"https:\/\/artworkroomgallery.com\/index.php?rest_route=%2Fwp%2Fv2%2Fmedia&parent=208"}],"curies":[{"name":"wp","href":"https:\/\/api.w.org\/{rel}","templated":true}]}}