{"id":293,"date":"2022-03-10T17:23:26","date_gmt":"2022-03-10T17:23:26","guid":{"rendered":"https:\/\/next.artworkroomgallery.com\/?page_id=293"},"modified":"2025-06-16T16:49:01","modified_gmt":"2025-06-16T16:49:01","slug":"293-2","status":"publish","type":"page","link":"https:\/\/artworkroomgallery.com\/?page_id=293","title":{"rendered":"About Us"},"content":{"rendered":"<div class=\"wp-block-image\">\n<figure class=\"aligncenter size-full is-resized\"><img loading=\"lazy\" src=\"https:\/\/artworkroomgallery.com\/wp-content\/uploads\/2022\/03\/1536-1024-cropped.jpg\" alt=\"\" class=\"wp-image-295\" width=\"443\" height=\"326\" srcset=\"https:\/\/artworkroomgallery.com\/wp-content\/uploads\/2022\/03\/1536-1024-cropped.jpg 885w, https:\/\/artworkroomgallery.com\/wp-content\/uploads\/2022\/03\/1536-1024-cropped-300x221.jpg 300w, https:\/\/artworkroomgallery.com\/wp-content\/uploads\/2022\/03\/1536-1024-cropped-768x565.jpg 768w\" sizes=\"(max-width: 443px) 100vw, 443px\" \/><\/figure><\/div>\n\n\n<p><\/p>\n\n\n\n<p class=\"has-text-color\" style=\"color:#f9b7fd\">2016 beschlossen wir einen gemeinsamen Kunstraum zu gr\u00fcnden, nachdem wir jahrelang die spannenden Entwicklungen junger K\u00fcnstler:innen, haupts\u00e4chlich an der Karlsruher Kunstakademie, verfolgt hatten.<\/p>\n\n\n\n<p class=\"has-text-color\" style=\"color:#f9b7fd\">In diesem bekommen aufstrebende K\u00fcnstler:innen die M\u00f6glichkeit individuelle Einzelausstellungen zu realisieren. Unser Ziel ist es, bewusst eine alternative Plattform zu schaffen, die den K\u00fcnstler:innen eine gr\u00f6\u00dfere Sichtbarkeit und Zugang zum Ausstellungsgeschehen erm\u00f6glicht. <\/p>\n\n\n\n<p class=\"has-text-color\" style=\"color:#f9b7fd\">Grundlage daf\u00fcr sind die Verbindung unserer Interessensgebiete und langj\u00e4hrige Erfahrung in Kunstwissenschaft, Betriebswirtschaft und Informatik.<\/p>\n\n\n\n<p class=\"has-text-color\" style=\"color:#f9b7fd\">Die von uns vertretenen Kunstpositionen spiegeln unsere vielf\u00e4ltigen Interessen wider: zeitgen\u00f6ssische, dynamische und ausdrucksstartke Kunst, die sich mit einer Vielzahl gesellschaftlichers und individualler Fragestellungen auseinandersetzt. Werke, die neue Perspektiven er\u00f6ffnen und Betrachtende auf intensive Weise in ihren Bann ziehen. <\/p>\n\n\n\n<p class=\"has-text-color\" style=\"color:#f9b7fd\">Anfang 2022 haben wir nun eine weitere Entwicklung der Galerie anzuk\u00fcndigen: ARTWORKROOM arbeitet mit <a rel=\"noreferrer noopener\" href=\"https:\/\/ato.vision\/curator\/artworkroom\" target=\"_blank\">ato Vision<\/a> zusammen! Deren <a rel=\"noreferrer noopener\" href=\"https:\/\/ato.vision\/vision\" target=\"_blank\">Manifest <\/a>und Ideen bez\u00fcglich der Kunstwelt sprachen uns sofort an. Nun vertreten wir auf der Plattform von ato Vision die drei K\u00fcnstlerinnen <a rel=\"noreferrer noopener\" href=\"https:\/\/ato.vision\/artists\/gin-bahc\" data-type=\"URL\" data-id=\"https:\/\/ato.vision\/artists\/gin-bahc\" target=\"_blank\">Gin Bahc<\/a>, <a href=\"https:\/\/ato.vision\/artists\/vivian-eckstein\">Vivian Eckstein<\/a> und <a rel=\"noreferrer noopener\" href=\"https:\/\/ato.vision\/artists\/desiree-eppele\" target=\"_blank\">Desir\u00e9e Eppele<\/a>. <\/p>\n\n\n\n<div style=\"height:55px\" aria-hidden=\"true\" class=\"wp-block-spacer\"><\/div>\n\n\n\n<hr class=\"wp-block-separator has-alpha-channel-opacity\"\/>\n\n\n\n<div style=\"height:55px\" aria-hidden=\"true\" class=\"wp-block-spacer\"><\/div>\n\n\n\n<p class=\"has-text-color\" style=\"color:#ced7ed\">After years of following the exciting developments of young artists in Karlsruhe, we founded ARTWORKROOM Gallery in 2016. Our focus lies on giving Artists possibilites for solo exhibitions with an alternative platform. The basis for our endeavour are the many years of experience in art research, business administration and computer science.<\/p>\n\n\n\n<p class=\"has-text-color\" style=\"color:#ced7ed\">The art positions we represent reflect our diverse interests. Current, dynamic and lively art that deals intensively with a wide range of questions and offers new perspectives on different topics while captivating the viewer. <\/p>\n\n\n\n<p class=\"has-text-color\" style=\"color:#ced7ed\">Since 2022 we have embarked on a new journey, starting a collaboration with <a rel=\"noreferrer noopener\" href=\"https:\/\/ato.vision\/artists\/artworkroom\" target=\"_blank\">ato Vision<\/a>. Their <a rel=\"noreferrer noopener\" href=\"https:\/\/ato.vision\/vision\" target=\"_blank\">Manifesto <\/a>regarding Art and the Art Market immediately spoke to us. We are now representing three Artists on their platform, <a rel=\"noreferrer noopener\" href=\"https:\/\/ato.vision\/artists\/gin-bahc\" target=\"_blank\">Gin Bahc<\/a>, <a href=\"https:\/\/ato.vision\/artists\/vivian-eckstein\">Vivian Eckstein<\/a> and <a rel=\"noreferrer noopener\" href=\"https:\/\/ato.vision\/artists\/desiree-eppele\" target=\"_blank\">Desir\u00e9e Eppele<\/a>.<\/p>\n\n\n\n<div style=\"height:55px\" aria-hidden=\"true\" class=\"wp-block-spacer\"><\/div>\n\n\n\n<hr class=\"wp-block-separator has-alpha-channel-opacity\"\/>\n\n\n\n<p class=\"has-white-color has-text-color\" style=\"font-size:14px\"><br>Mag. Anna-Lina Helsen &amp; Kai-Uwe Hermann, M.Sc.<\/p>\n\n\n\n<p class=\"has-white-color has-text-color\" style=\"font-size:12px\">Foto: Sebastian Heck<\/p>\n\n\n\n<div style=\"height:100px\" aria-hidden=\"true\" class=\"wp-block-spacer\"><\/div>\n\n\n\n<p class=\"has-text-align-center has-white-color has-text-color\">ARTWORKROOM Gallery<br>Weinstr. 32<br>76835 Hainfeld<br>Rheinland-Pfalz<\/p>\n","protected":false},"excerpt":{"rendered":"<p>2016 beschlossen wir einen gemeinsamen Kunstraum zu gr\u00fcnden, nachdem wir jahrelang die spannenden Entwicklungen junger K\u00fcnstler:innen, haupts\u00e4chlich an der Karlsruher Kunstakademie, verfolgt hatten. In diesem bekommen aufstrebende K\u00fcnstler:innen die M\u00f6glichkeit<\/p>\n<p class=\"more-link\"><a href=\"https:\/\/artworkroomgallery.com\/?page_id=293\" class=\"readmore\">Continue reading<span class=\"screen-reader-text\">About Us<\/span><\/a><\/p>\n","protected":false},"author":1,"featured_media":0,"parent":0,"menu_order":0,"comment_status":"closed","ping_status":"closed","template":"","meta":[],"_links":{"self":[{"href":"https:\/\/artworkroomgallery.com\/index.php?rest_route=\/wp\/v2\/pages\/293"}],"collection":[{"href":"https:\/\/artworkroomgallery.com\/index.php?rest_route=\/wp\/v2\/pages"}],"about":[{"href":"https:\/\/artworkroomgallery.com\/index.php?rest_route=\/wp\/v2\/types\/page"}],"author":[{"embeddable":true,"href":"https:\/\/artworkroomgallery.com\/index.php?rest_route=\/wp\/v2\/users\/1"}],"replies":[{"embeddable":true,"href":"https:\/\/artworkroomgallery.com\/index.php?rest_route=%2Fwp%2Fv2%2Fcomments&post=293"}],"version-history":[{"count":30,"href":"https:\/\/artworkroomgallery.com\/index.php?rest_route=\/wp\/v2\/pages\/293\/revisions"}],"predecessor-version":[{"id":446,"href":"https:\/\/artworkroomgallery.com\/index.php?rest_route=\/wp\/v2\/pages\/293\/revisions\/446"}],"wp:attachment":[{"href":"https:\/\/artworkroomgallery.com\/index.php?rest_route=%2Fwp%2Fv2%2Fmedia&parent=293"}],"curies":[{"name":"wp","href":"https:\/\/api.w.org\/{rel}","templated":true}]}}

<div class="wp-block-image">
<figure class="aligncenter size-full is-resized"><img loading="lazy" src="https://artworkroomgallery.com/wp-content/uploads/2022/03/1536-1024-cropped.jpg" alt="" class="wp-image-295" width="443" height="326" srcset="https://artworkroomgallery.com/wp-content/uploads/2022/03/1536-1024-cropped.jpg 885w, https://artworkroomgallery.com/wp-content/uploads/2022/03/1536-1024-cropped-300x221.jpg 300w, https://artworkroomgallery.com/wp-content/uploads/2022/03/1536-1024-cropped-768x565.jpg 768w" sizes="(max-width: 443px) 100vw, 443px" /></figure></div>


<p></p>



<p class="has-text-color" style="color:#f9b7fd">2016 beschlossen wir einen gemeinsamen Kunstraum zu gründen, nachdem wir jahrelang die spannenden Entwicklungen junger Künstler:innen, hauptsächlich an der Karlsruher Kunstakademie, verfolgt hatten.</p>



<p class="has-text-color" style="color:#f9b7fd">In diesem bekommen aufstrebende Künstler:innen die Möglichkeit individuelle Einzelausstellungen zu realisieren. Unser Ziel ist es, bewusst eine alternative Plattform zu schaffen, die den Künstler:innen eine größere Sichtbarkeit und Zugang zum Ausstellungsgeschehen ermöglicht. </p>



<p class="has-text-color" style="color:#f9b7fd">Grundlage dafür sind die Verbindung unserer Interessensgebiete und langjährige Erfahrung in Kunstwissenschaft, Betriebswirtschaft und Informatik.</p>



<p class="has-text-color" style="color:#f9b7fd">Die von uns vertretenen Kunstpositionen spiegeln unsere vielfältigen Interessen wider: zeitgenössische, dynamische und ausdrucksstartke Kunst, die sich mit einer Vielzahl gesellschaftlichers und individualler Fragestellungen auseinandersetzt. Werke, die neue Perspektiven eröffnen und Betrachtende auf intensive Weise in ihren Bann ziehen. </p>



<p class="has-text-color" style="color:#f9b7fd">Anfang 2022 haben wir nun eine weitere Entwicklung der Galerie anzukündigen: ARTWORKROOM arbeitet mit <a rel="noreferrer noopener" href="https://ato.vision/curator/artworkroom" target="_blank">ato Vision</a> zusammen! Deren <a rel="noreferrer noopener" href="https://ato.vision/vision" target="_blank">Manifest </a>und Ideen bezüglich der Kunstwelt sprachen uns sofort an. Nun vertreten wir auf der Plattform von ato Vision die drei Künstlerinnen <a rel="noreferrer noopener" href="https://ato.vision/artists/gin-bahc" data-type="URL" data-id="https://ato.vision/artists/gin-bahc" target="_blank">Gin Bahc</a>, <a href="https://ato.vision/artists/vivian-eckstein">Vivian Eckstein</a> und <a rel="noreferrer noopener" href="https://ato.vision/artists/desiree-eppele" target="_blank">Desirée Eppele</a>. </p>



<div style="height:55px" aria-hidden="true" class="wp-block-spacer"></div>



<hr class="wp-block-separator has-alpha-channel-opacity"/>



<div style="height:55px" aria-hidden="true" class="wp-block-spacer"></div>



<p class="has-text-color" style="color:#ced7ed">After years of following the exciting developments of young artists in Karlsruhe, we founded ARTWORKROOM Gallery in 2016. Our focus lies on giving Artists possibilites for solo exhibitions with an alternative platform. The basis for our endeavour are the many years of experience in art research, business administration and computer science.</p>



<p class="has-text-color" style="color:#ced7ed">The art positions we represent reflect our diverse interests. Current, dynamic and lively art that deals intensively with a wide range of questions and offers new perspectives on different topics while captivating the viewer. </p>



<p class="has-text-color" style="color:#ced7ed">Since 2022 we have embarked on a new journey, starting a collaboration with <a rel="noreferrer noopener" href="https://ato.vision/artists/artworkroom" target="_blank">ato Vision</a>. Their <a rel="noreferrer noopener" href="https://ato.vision/vision" target="_blank">Manifesto </a>regarding Art and the Art Market immediately spoke to us. We are now representing three Artists on their platform, <a rel="noreferrer noopener" href="https://ato.vision/artists/gin-bahc" target="_blank">Gin Bahc</a>, <a href="https://ato.vision/artists/vivian-eckstein">Vivian Eckstein</a> and <a rel="noreferrer noopener" href="https://ato.vision/artists/desiree-eppele" target="_blank">Desirée Eppele</a>.</p>



<div style="height:55px" aria-hidden="true" class="wp-block-spacer"></div>



<hr class="wp-block-separator has-alpha-channel-opacity"/>



<p class="has-white-color has-text-color" style="font-size:14px"><br>Mag. Anna-Lina Helsen &amp; Kai-Uwe Hermann, M.Sc.</p>



<p class="has-white-color has-text-color" style="font-size:12px">Foto: Sebastian Heck</p>



<div style="height:100px" aria-hidden="true" class="wp-block-spacer"></div>



<p class="has-text-align-center has-white-color has-text-color">ARTWORKROOM Gallery<br>Weinstr. 32<br>76835 Hainfeld<br>Rheinland-Pfalz</p>

<p>2016 beschlossen wir einen gemeinsamen Kunstraum zu gründen, nachdem wir jahrelang die spannenden Entwicklungen junger Künstler:innen, hauptsächlich an der Karlsruher Kunstakademie, verfolgt hatten. In diesem bekommen aufstrebende Künstler:innen die Möglichkeit</p>
<p class="more-link"><a href="https://artworkroomgallery.com/?page_id=293" class="readmore">Continue reading<span class="screen-reader-text">About Us</span></a></p>
